= 2*n + 1. Suppose 0 = 4*d + 95 - 83. Let z be 25/(-20) + d/(-12) - -2. Calculate f(z).
3
Let c(o) = 18*o - 7. Let z(m) = -m**2 - 24*m + 7. Let y(l) = -3*c(l) - 2*z(l). Calculate y(5).
27
Let l(u) = u**2 - 5*u - 7 + 6*u + 2*u. Calculate l(3).
11
Let i(c) be the second derivative of -13*c**3/6 - 2*c**2 + c. Let o(q) = -4*q - 1. Let s(v) = -2*i(v) + 7*o(v). What is s(-6)?
13
Let y(z) = z**2 + 9*z - 18. Let d(m) = -16*m + 456. Let w be d(29). Determine y(w).
-26
Let u(f) = 11*f**3 - f**2. Let c = 33 + -86. Let m = -52 - c. What is u(m)?
10
Let d(i) = -i**3 + 5*i**2 - 5*i + 1. Let h(z) = 68*z - 472. Let k be h(7). Give d(k).
-3
Let n(i) = -4*i + 33. Let b be ((-90)/5)/((-56)/28). Determine n(b).
-3
Let n(y) = y**2 + 3*y + 30. Let t(a) = a**2 + 4*a + 26. Let c(d) = -5*n(d) + 6*t(d). Give c(-8).
-2
Let g(p) = 21*p + 20. Let r(v) = 7*v + 7. Let n(c) = 6*g(c) - 17*r(c). Calculate n(4).
29
Let f(b) be the third derivative of -b**5/60 + b**4/12 - b**3 + 37*b**2. Let v be f(0). Let z(k) = k**3 + 5*k**2 - 5*k - 1. What is z(v)?
-7
Let u(s) = 12*s**3 + 2*s + 1. Let y be u(-1). Let h = 7 + y. Let q(i) = -37 + 2*i**3 - 6*i + 5*i**2 + 41 - i**3 + 0*i**3. Calculate q(h).
4
Suppose 4*d + 0 = -12. Let n(k) = -7*k - 14. What is n(d)?
7
Let w(u) = 13*u**3 + 2*u - 5. Let p(c) = -52*c**3 - 8*c + 23. Let b(s) = 2*p(s) + 9*w(s). Determine b(-1).
-14
Let z(p) = 2*p - 6*p - 107 + 5*p + 109. Determine z(-3).
-1
Suppose -3*p = p. Let c(h) = 4 - 27*h + 30*h + p. What is c(4)?
16
Let l(b) = 2*b**2 - b - 3. Let z(o) = -3*o**2 + 1. Let n(x) = l(x) + z(x). Suppose 9 = 3*u, m - u = -2*u + 1. Calculate n(m).
-4
Let t(g) = 152*g - 462. Let n be t(3). Let w(o) = -2*o - 3*o + 0*o - o**3 + 8 - 7*o**2. Calculate w(n).
2
Let q(v) = -v**2 + 3*v - 1. Let b(s) = 2*s + 27. Let f be (-2)/(-4) + (-81)/6. Let o be b(f). Give q(o).
1
Let k(r) be the second derivative of r**4/12 + 7*r**3/6 + 9*r**2/2 - 3*r. Let t(u) = u. Let j(q) = k(q) + 2*t(q). What is j(-6)?
-9
Let y(b) = 3*b**2 + 38*b - 15. Let r(h) = 5*h**2 + 59*h - 22. Let c(p) = 5*r(p) - 8*y(p). Determine c(9).
10
Let h(o) be the second derivative of -o**4/12 + 25*o**2/2 + 95*o. Give h(0).
25
Suppose -2*i - 3 = 5. Let c(s) be the first derivative of s**4/6 + s**3 + 5*s**2/2 - 10*s - 2. Let r(w) be the first derivative of c(w). Determine r(i).
13
Let y(m) = -2*m**3 - 4*m**2 - 3*m. Suppose 2*r + 2*r - 132 = 0. Let d = 31 - r. What is y(d)?
6
Let o(m) = -m**3 + 3*m**2 + 10*m - 5. Suppose 5*y = -4*h + 35, -4*h + 11 = -9*y + 6*y. What is o(h)?
-5
Let b(p) = 2*p**2 + p - 3. Let w(m) = 11*m**2 + 6*m - 19. Let y(k) = -6*b(k) + w(k). Suppose f = -2*f. Calculate y(f).
-1
Suppose 2*b + 0*b + 11 = -3*w, 3*b = 4*w + 9. Let v(t) = 15*t**2 - t - 1. Determine v(b).
15
Let l(x) = -2*x + 24. Let z be l(9). Let m(b) = 2*b + 7. Let j(q) = q + 4. Let u(r) = 5*j(r) - 2*m(r). Give u(z).
12
Let c = 39 + -36. Suppose -c*p + 3 = -2*p. Let x be (1/p)/(14/(-168)). Let l(u) = -2*u**2 - 4*u + 1. Determine l(x).
-15
Let v(h) = -2*h**3 + 4*h**2 + 3*h + 1. Suppose -30 = -4*f + 3*r - 38, -5*f - 10 = r. What is v(f)?
27
Let i(k) = 2*k**3 + 5*k**2 - k - 10. Let j(h) = -5*h**3 - 10*h**2 + 2*h + 21. Let d(o) = -7*i(o) - 3*j(o). Suppose -2*m + m = s, -4*m + 25 = -s. Calculate d(m).
12
Let t(d) = -d**3 + d**2 + d - 1. Suppose b + 2*b = 5*y - 44, 0 = b + y + 4. Let i be ((-4)/b)/(1/2). Give t(i).
0
Let y = -5121 - -5120. Let o(v) = -23*v**2 - 3*v. Let r(b) = -12*b**2 - 2*b. Let l(z) = 3*o(z) - 5*r(z). Calculate l(y).
-10
Suppose 9 - 57 = 8*c. Let w(o) = -o**3 - 5*o**2 + 7*o - 4. Determine w(c).
-10
Let j(z) = -17*z - 4. Let q(b) = -b**3 - 2*b**2 + 6*b + 9. Let v be q(-2). Calculate j(v).
47
Let s(n) = -6*n**3 - 2*n**2 - 20*n + 2. Let w(k) = 7*k**3 + k**2 + 23*k - 1. Let p(l) = 6*s(l) + 5*w(l). Determine p(-5).
-18
Suppose p - 6*p - 35 = -y, -4*p - 154 = -5*y. Let b(m) = -33 + m - 3*m + y. Suppose 1 = 2*h + 5. Calculate b(h).
1
Let v(h) be the third derivative of -h**5/60 - h**4/6 + h**3/6 - 7*h**2. Suppose 2*y + 25 = 7*y. Suppose 0 = -5*j - k - y - 20, -3*k = 15. Calculate v(j).
1
Let q(l) = -4*l**3 + 5*l**2 + 4*l - 4. Let y(c) = -3*c**3 + 6*c**2 + 5*c - 3. Let p(s) = 4*q(s) - 5*y(s). Calculate p(-9).
-1
Let i(d) = d**2 + 13*d - 8. Let p be i(-7). Let l be (-2)/(-8) - p/(-8). Let m(w) = -4*w - 5 + 0 + 3*w + 0. Determine m(l).
1
Let j be 10*((4 + -3)*-1)/(-2). Let o(z) = 4*z - 11*z + j*z + 0 + 2. Determine o(-6).
14
Let i be 2/(-9) - (-47)/9. Let f(s) be the third derivative of -1/12*s**4 + 0 - 3*s**2 + 0*s + 1/3*s**3. Calculate f(i).
-8
Let n be 6 - (9 - (-9)/(-3)). Let v(h) be the second derivative of -2*h**2 + 2*h - 1/6*h**3 + n. What is v(-3)?
-1
Let n be ((-8*1)/4)/(-2). Let m(w) = 5 - 7 - n + 3*w + 12. What is m(-7)?
-12
Suppose 0*s + 5*s = 20. Suppose 2*j = 3*j + s*p, p = -2. Suppose 0 = 3*h + 1 + j. Let l(t) = t**3 + t**2 - 5*t - 4. What is l(h)?
-7
Let u(n) = 47*n + 1. Let w be (3 + -1)*-3 + -2 + 9. Calculate u(w).
48
Let f(b) = b - 6. Suppose 28*v - 20*v = 40. What is f(v)?
-1
Let h(o) = o**2 + 708 - 698 - 10*o + 3*o. What is h(7)?
10
Let f(g) = -g**3 - 3*g**2 + 7*g + 5. Suppose 18*o = -0*o - 72. Determine f(o).
-7
Let c(f) = -7*f**3 + f + 1. Let b(q) = 20 - 2*q**2 + 13 - 24 - 8*q. Let a be b(-5). Calculate c(a).
7
Let u(f) = 2*f - 6. Let s be u(5). Let b be (2 + (s - 4))*2. Let o(q) = -3 + 11 - q - b. Calculate o(-4).
8
Suppose 13*h = 18*h - 35. Let b(y) = -y + 1 + y**2 - h*y - y. Calculate b(6).
-17
Let m(j) be the third derivative of 0*j + 0 + 1/2*j**3 + 37*j**2 + 1/24*j**4 - 1/120*j**6 - 1/10*j**5. Determine m(-6).
-3
Let f(l) = -2*l**2 - 2*l + 3. Suppose 28*k - 4 = 27*k, -2*k = -i - 6. Calculate f(i).
-9
Let r(c) = 7*c. Let t(w) = 10*w**2 - 2*w - 4. Let v be t(-1). Calculate r(v).
56
Let u = -124 + 117. Let c(k) = k**3 + k**2 + k. Let l(v) = 4*v**3 + 9*v**2 - 4*v + 9. Let o(p) = -3*c(p) + l(p). Determine o(u).
9
Let r(i) = -i**3 + 3*i**2 + i + 5. Let q = -278 - -279. Suppose 12 = -4*k, -3*z + 3*k + 12 = k. Let u be 2 + (z - 0)/q. What is r(u)?
-7
Let r(d) = -d**2 + 2*d + 2. Suppose f + 22*n - 12 = 24*n, -2*n - 16 = -2*f. Let i(q) = -4*q**2 + 4 + 0*q**3 - 2*q**3 + 3*q**3. Let s be i(f). What is r(s)?
-6
Suppose -x - 2*f - 6 = -4*x, -9 = 4*x + 3*f. Let d(u) be the third derivative of -u**5/60 - u**4/24 - 7*u**3/6 - 2*u**2 + 215. What is d(x)?
-7
Let c(m) = m**3 - 9*m**2 - 2*m + 6. Let x(k) = -53*k - 521. Let p be x(-10). Calculate c(p).
-12
Let s(c) = 2*c. Let b(z) = z**2 - 7*z + 2. Let v(i) = b(i) + 4*s(i). Calculate v(-3).
8
Let v = -6 + 8. Suppose -3*s - v*s = -5. Let b(k) = -k - s + 7*k + 0 - 2*k. Determine b(1).
3
Suppose 0 = 4*m - 4*y - 24, -33 = -5*m + 2*y - 12. Suppose -8 - 4 = -m*n. Suppose n = 3*c - 4*a, 8*c + 3*a + 28 = 4*c. Let t(z) = z - 3. Give t(c).
-7
Suppose -5*g = -5*w + 5, 0 = 12*w - 7*w - 3*g - 13. Let a(y) = -y**2 + 6*y**2 + 5 - y**3 - 4*y + 2*y - 2. What is a(w)?
-7
Suppose -4*i + 30 = 2*c + c, -2*i - 2*c = -16. Let b(f) = -3*f**2 + 4 + 0*f**2 - 5*f**3 + i*f**3 - 2. Let r(l) = -2*l + 2. Let v be r(0). Calculate b(v).
-2
Let k(d) = -2*d - 8. Let y(u) = -u + 4. Suppose -35 = -4*t + 9. Let m be y(t). What is k(m)?
6
Let u(r) = -3*r - 1. Let x(d) = d**3 - 6*d**2 - 5. Let s be x(6). Let o be 1*((-4)/2 - s). Suppose -10 = -2*n - 4*z, n + o + 4 = 2*z. What is u(n)?
2
Let r = 77 + -73. Let x(w) = r*w**2 + 23*w - 4 + 1 - 17*w - 10*w. What is x(-2)?
21
Let c = 11 + -4. Suppose 5*x - 4*l = 51, -4*l = -2*x + 6 + 24. Let w(t) = -3*t + x*t - 3*t - 6. Determine w(c).
1
Let g(o) = -o**2 - 15*o - 15. Let y(l) = l**2 + 4*l - 44. Let z be y(-9). Suppose -5*v = 3*m + 61, -5*m + 2 = v + z. What is g(v)?
-1
Let q(c) = 2*c - 10. Let o = -98 - -123. Suppose -v - o = -34. Calculate q(v).
8
Let f(g) be the third derivative of g**6/120 - g**5/12 - g**4/4 - 336*g**2. Calculate f(5).
-30
Let f(o) be the first derivative of -o**3/3 + 4*o**2 + 2*o - 11. Let v be f(8). Let x(t) = t**3 + 8 + 4*t + 0*t**3 - v - 4 + 2*t**2. Give x(-2).
-6
Let o(y) be the second derivative of -y**5/60 - y**4/8 + y**3/6 - 9*y. Let g(p) be the second derivative of o(p). Determine g(4).
-11
Suppose 2*n - 30 = 7*n. Suppose -3*g = -2*m + 5, -2*g + 2 = -4*m - 0. Let z be (m/n)/((-1)/(-3)). Let b(t) = -7*t. Give b(z).
-7
Let v(l) = -2*l**2 - 6*l. Suppose -38 = -4*o + 2*o. Suppose -5*k = -o - 1, -2